n - 5*v + 110 = 0, 0 = v - 1 + 2. Let j(l) = 20*l - 6. Let a be j(5). Let i = a + n. What is the highest common factor of i and 19?
19
Let v be 0/1 - 6/(-3). Suppose 4 = v*a - 0*a. What is the greatest common factor of 10 and a?
2
Let z = -97 - -113. What is the greatest common divisor of 96 and z?
16
Suppose 4*q + g = 1, 5 = 3*q + 2*g + 3. Suppose q = -2*w + 8 + 10. Calculate the greatest common factor of 6 and w.
3
Let m(z) = -z**3 + 8*z**2 + z + 7. Let f be m(5). Suppose -a + 4*j = -92, -f = -2*a - 3*j + 86. What is the highest common divisor of a and 8?
8
Let k(o) = o**3 + o + 4. Let q be k(4). Suppose -2*n = -n - 8. What is the greatest common factor of n and q?
8
Let u = 64 - 9. Calculate the greatest common factor of 44 and u.
11
Let l = 201 + -162. Calculate the greatest common divisor of 39 and l.
39
Suppose -3*p = 3*p - 216. What is the highest common divisor of p and 24?
12
Let k(h) = 2*h**2 - 11*h + 9. Let u be k(8). Calculate the highest common divisor of 7 and u.
7
Let k(q) = -8*q - 6. Let i be -7 - (-1 - 4/2). Let w be k(i). Calculate the highest common divisor of 13 and w.
13
Let t = 11 + -7. Let f(o) = 6 + o - 3*o + 5*o**2 - 3*o**2 + 0*o. Let l be f(t). What is the greatest common factor of 75 and l?
15
Suppose 19 + 3 = 3*b + w, 0 = w + 5. Suppose -88 = -2*s + 3*r + r, -s - 5*r + 16 = 0. What is the greatest common divisor of s and b?
9
Suppose 4 = 4*l - 4*w - 0*w, 0 = -3*w + 6. Calculate the highest common factor of 1 and l.
1
Let a = -67 - -132. Let x be ((-6)/(-4) - 2)*-24. Let o = 1 + x. Calculate the greatest common divisor of o and a.
13
Suppose 0 = -s - 0 + 8. Calculate the highest common factor of 56 and s.
8
Let m(k) = 8*k**2 + 2*k + 2. Suppose 0 = -y + 6*y + 10. Let u be m(y). Suppose 0*n + u = n. What is the highest common divisor of n and 15?
15
Let n = 74 + -32. Suppose 5*y + 19 = 4*x, 2*y + 28 = 5*x - 0*x. Calculate the greatest common factor of x and n.
6
Let i be 11*((-2)/(-2) - 0). What is the highest common factor of 11 and i?
11
Suppose 4*d - 7 = 53. Calculate the greatest common factor of d and 15.
15
Let y = 10 + 0. Let p be ((6 - 1) + 15)/((-2)/(-8)). Calculate the greatest common factor of y and p.
10
Let l be (8/(-12) - 50/(-3)) + 1. Calculate the highest common divisor of 187 and l.
17
Let l be (-3)/(3/(-4)*2). Suppose -2*z + 44 = l*z. Calculate the highest common factor of 88 and z.
11
Let d be (5 + 1)/(6/4). Suppose 24 = d*w + 4*z, 4*w = 5*z + 17 + 7. Let x be 217/3 + (-2)/w. Calculate the greatest common factor of 9 and x.
9
Let p be 1 + (4 + -2 - 3). Suppose -5*u - 4*c - 23 + 79 = p, 2*u + 3*c - 28 = 0. What is the greatest common factor of u and 8?
8
Let c be 2 - (14*-1)/(-2). Let t be ((-4)/c)/(6/75). Suppose 3*z - t = 188. Calculate the highest common factor of 6 and z.
6
Let l(k) = -2*k - 2. Let u be l(-9). Let w = u - 13. What is the highest common factor of w and 24?
3
Suppose -4*w + 254 = -58. Suppose m + 43 = 4*m + 2*i, -3*i - w = -5*m. Calculate the highest common divisor of 135 and m.
15
Let k = 148 - 71. What is the greatest common factor of 7 and k?
7
Let r(c) = -3*c**2 - 4 - c**2 - 4*c - c**3 + 2*c**3. Let l be r(5). Suppose -a = v - 3, -6 = -2*a - v - l. What is the highest common factor of 2 and a?
2
Let s(b) = -3*b + 2. Suppose -3 = z - 1. Let c be s(z). Let j(v) = v**2 - 7*v + 1. Let k be j(c). Calculate the greatest common divisor of k and 6.
3
Suppose -36 + 24 = -v. Calculate the greatest common divisor of v and 12.
12
Let s be (32/6)/((-5)/(-150)). What is the greatest common divisor of s and 20?
20
Suppose -2*s = 3*l - 4*s - 176, 3*l - 182 = -s. What is the highest common factor of 15 and l?
15
Let i(y) = y**3 - 9*y**2 - 14*y - 16. Let d be i(12). Calculate the greatest common divisor of 8 and d.
8
Let y be 2 - (-1)/(-2)*2. Let r be ((-2)/y - 3) + 2. Let f be (-2 - 0) + 59 + r. What is the highest common factor of 6 and f?
6
Suppose -2*q + 51 = q + 3*f, 0 = -2*q + 4*f + 64. Calculate the highest common divisor of 198 and q.
22
Suppose -u = 2*u + 3*g + 6, -g - 5 = -2*u. Calculate the highest common divisor of u and 6.
1
Suppose -4*s = -9*s. Suppose s = -2*k - 2*k + 24. Let j = k + 4. What is the highest common factor of 40 and j?
10
Let k be (10/(-4))/(2/(-16)). Suppose 4*v + 0*v = 56. Let c = 24 - v. Calculate the greatest common divisor of c and k.
10
Suppose 0 = 7*c - 11*c + 836. Calculate the greatest common factor of c and 19.
19
Suppose 45 = 3*y - 0*y. Let r be (-5)/(-1)*(32 - -1). What is the greatest common divisor of y and r?
15
Let s(h) = 11*h**3 + 2*h**2 - h + 1. Let q be s(2). Suppose -2*g - 5*f - 9 + 65 = 0, -5*g + 182 = 2*f. What is the highest common factor of g and q?
19
Let w(y) = y + 2. Let j(u) = u**2 - 6*u - 6. Let z be j(8). Let i be w(z). What is the greatest common factor of 36 and i?
12
Let f = -78 + 94. Calculate the highest common factor of f and 48.
16
Suppose 2*o - 9 - 7 = 0. What is the highest common factor of 72 and o?
8
Let l = 55 - 10. Suppose -30 = -4*z + 42. What is the greatest common divisor of l and z?
9
Suppose 7*d + 6*d = 91. What is the highest common divisor of 63 and d?
7
Let c be (-2 - (14 + 0))/1. Let l = -48 + 85. Let s = l + c. Calculate the greatest common divisor of s and 3.
3
Let n = -46 + 76. Calculate the greatest common divisor of 12 and n.
6
Let q be (-330)/25*5/(-2). Let k = q - 15. What is the greatest common factor of k and 6?
6
Let q = -58 - -60. What is the highest common factor of 6 and q?
2
Suppose -1 = -x + 1. Suppose -t + 5*i + 30 = 0, -5*i + x*i - 78 = -3*t. What is the highest common divisor of 25 and t?
25
Suppose -2*c = -5*c + 36. What is the highest common factor of 3 and c?
3
Let f(d) = -3*d**2 + 2*d**2 - 5*d - 3*d - 10. Let a be f(-7). Let n be 0 + 7*a*-1. What is the highest common divisor of n and 14?
7
Suppose 3*l + 8 = -4*y, -2*l = 2*y - 4*y - 4. Suppose -q + l + 5 = 0. Suppose 5 = 5*f - 2*v - 2, 4*f = v + 5. Calculate the greatest common divisor of q and f.
1
Let o(l) be the second derivative of -l**4/12 - 7*l**3/6 - 3*l**2/2 - 2*l. Let t be o(-5). Calculate the highest common factor of 56 and t.
7
Let c(j) = -1 + 4*j + 5 - 5*j + 6. Let b be c(5). What is the highest common divisor of 40 and b?
5
Let o(u) = u**2 - 6*u - 25. Let k be o(-14). Calculate the highest common divisor of k and 102.
51
Suppose -1 = -h - 9. Let z(m) = -3*m - 2. Let p be z(h). Let u(f) = -8*f + 1. Let v be u(-4). Calculate the greatest common factor of p and v.
11
Let z(g) be the third derivative of g**6/120 - g**5/10 - g**4/4 + g**3/6 - 2*g**2. Let y be z(7). Calculate the greatest common divisor of 32 and y.
8
Suppose 4*m + 112 = 4*l, 0*l + 2*l - 5*m = 56. What is the highest common divisor of l and 4?
4
Let l be 4*4/48*57. Calculate the greatest common factor of l and 95.
19
Suppose -3*x + 4*g + 106 = 0, -x + 3*g + 50 = -2*g. Calculate the highest common factor of 10 and x.
10
Let l be 2860/28 - (-9)/(-63). What is the greatest common factor of 34 and l?
34
Let u = -60 - -42. Let y be u/(-2 + 4 - 4). Let a be (-3)/((-1)/(-1 + 25)). Calculate the highest common factor of a and y.
9
Let m be (-56)/(-2) - (-7 + (-3)/(-1)). Suppose -14 = -3*g - t, 5*t + 1 - 3 = 2*g. Calculate the highest common factor of g and m.
4
Let o be 0*(-3 - -4)*1. Suppose -3*i = -a - 6, -i + 2 = -o*i - 2*a. Let k = -12 + 17. What is the greatest common factor of k and i?
1
Let a = 22 + -17. Suppose -a*r + 175 = -0*r. What is the greatest common factor of r and 14?
7
Suppose -4*i = i - 10. What is the highest common divisor of 2 and i?
2
Let j = 92 + -52. Calculate the highest common factor of 16 and j.
8
Let c be (24/14)/((-27)/(-252)). Calculate the greatest common divisor of 16 and c.
16
Let q(h) be the first derivative of h**3/3 - 4*h**2 - 9*h - 2. Let m be q(8). Let b be (-939)/m + 2/3. Calculate the highest common factor of 15 and b.
15
Let s be 2/(-5) + 16/(-10). Let l be (s - -5)/(1/2). Let k = 1 + l. Calculate the greatest common divisor of 7 and k.
7
Let r be (-2)/(-7) - 206/(-14). Suppose d - 6*d - r = 0. Let f be 1/(-3) + (-28)/d. What is the greatest common divisor of 27 and f?
9
Suppose -16*x = -1975 - 1017. Calculate the greatest common divisor of 17 and x.
17
Suppose -9 = -5*z + 3*c, -z + 4*c = 4*z - 12. Suppose z = 2*j - 6. Suppose s + 3 